 = 0. Let j = z - r. What are the prime factors of j?
2, 3
Let c be 4/(-18) - 25/9. Let a be (-14)/(-4) + c/2. Suppose -a*n + 3 = -d - 12, 3*n + d - 15 = 0. List the prime factors of n.
2, 3
Suppose -76 - 51 = -v. List the prime factors of v.
127
Suppose -4*x = -x - 12. Let k be 4424/63 + x/(-18). Suppose 4*v - k = -6. What are the prime factors of v?
2
Suppose -19 + 5 = -2*i. Let r(f) = f**2 + 15*f + 49. Let h be r(-12). Let w = i + h. List the prime factors of w.
2, 5
Let z = 3 - -10. Suppose 2 = 5*v - z. List the prime factors of v.
3
Suppose 0 = -4*s - u + 195, 4*s - 2*s + 4*u - 80 = 0. Suppose -o = n - 16, s = 3*n + 4*o - 3*o. What are the prime factors of n?
17
Let g = -11 + 22. List the prime factors of g.
11
Let n(u) = -50*u**2. Let z be n(-2). List the prime factors of z/15*(-6)/4.
2, 5
Suppose 15 = 3*a + 3. Suppose g = -g + a. Suppose 2*n = -g*n + 12. What are the prime factors of n?
3
Let l(x) = -2*x**2 + 46*x + 54. List the prime factors of l(20).
2, 3, 29
Suppose 6*l = 3*l + 51. List the prime factors of l.
17
Let h(b) = b**3 + 3*b**2 + 2*b + 2. Let c = 5 - 2. Let y = c - 5. List the prime factors of h(y).
2
Let b = 5 - 0. Suppose b*y - 16 = 14. List the prime factors of y.
2, 3
Let c = 162 - 85. List the prime factors of c.
7, 11
Suppose -u - 3 = -5. Suppose -a - 16 = -u*a. List the prime factors of a.
2
Let m(q) be the second derivative of -q**3/3 + 21*q**2/2 - 3*q. What are the prime factors of m(0)?
3, 7
Let b be (-8)/(-3) + 4/(-6). Suppose 0 = 3*z - b*z - 2. List the prime factors of 5*-2*(-1)/z.
5
Suppose -4 = -5*k + 11. Let u be 18/(-45) - (-47)/5. List the prime factors of 57/u + (-1)/k.
2, 3
Suppose -3*b + 7*b - 247 = 5*v, 4*v = 4. What are the prime factors of b?
3, 7
Suppose 2*x - 15 - 139 = -4*g, 2*x = -3*g + 158. What are the prime factors of x?
5, 17
Suppose -3*l - 5*p - 27 = 0, 0 = 5*l - p - 3*p + 8. List the prime factors of 2/3*(-54)/l.
3
Let a be (-3 - -1)/((-10)/20). List the prime factors of (-488)/(-16) - (-6)/a.
2
Suppose 0*j + j - 1 = 0. Let y be (0 - j) + (-11 - -3). What are the prime factors of (-215)/(-45) + (-2)/y?
5
Let c = 86 + 0. Suppose -2*z - 67 = -3*p - 4*z, z - c = -4*p. List the prime factors of p.
3, 7
Suppose g - 4*v = -g + 142, -3*g + 2*v + 201 = 0. Suppose -25 = -4*c - g. Let l = -8 - c. What are the prime factors of l?
2
Let h be 0/(0 + -2 + 0). Suppose -4*x + h = -32. What are the prime factors of x?
2
Suppose 4*s + 81 = u, -4*u = -u + s - 308. What are the prime factors of u?
101
Let j = -189 + 230. What are the prime factors of j?
41
Suppose 55 - 11 = u. What are the prime factors of u?
2, 11
Let q = 122 + -72. What are the prime factors of q?
2, 5
Suppose 0 = 2*b + b - 12. Suppose 3*a - 3 = b*y, -3*y = -6*y + 3*a - 6. List the prime factors of y.
3
Let a = 13 - 14. What are the prime factors of (0 - (20 - 0))*a?
2, 5
Suppose 6 + 14 = -4*t. What are the prime factors of -12*(t/3 + 0)?
2, 5
Let r = 29 - 21. What are the prime factors of (-1)/(-6)*r*3?
2
What are the prime factors of (-9)/21 + 748/14?
53
Let u(c) = c**3 - c + 104. Let i be u(0). Let r = i + -62. What are the prime factors of r?
2, 3, 7
Suppose 5*y - 29 - 101 = 0. Suppose 7*l - 1 = i + 2*l, 0 = 2*i - 3*l - y. Suppose u - 2*u + i = 0. List the prime factors of u.
19
Suppose j - 378 = -2*z, 5*z + 5*j - 8*j = 923. What are the prime factors of z?
11, 17
Let v(y) = -y**3 + 13*y**2 + 2*y + 42. What are the prime factors of v(13)?
2, 17
List the prime factors of 12/(-15) + 19/5.
3
Let c = -8 + 11. Suppose -3*g + 64 + 48 = 5*y, -3*y - c = 0. What are the prime factors of g?
3, 13
Suppose 0 = -o - c - 1, -4*o + o = 2*c + 2. Suppose -s - 4*l = 44, o = -2*s - l + 5*l - 28. What are the prime factors of ((-18)/s)/((-2)/(-16))?
2, 3
Let t = -2 + 5. Let w(o) = 5*o - 4. List the prime factors of w(t).
11
Suppose 181 = 4*v + 2*s + 3*s, 0 = -4*v + 4*s + 172. List the prime factors of v/6 - 3/9.
7
Let y(p) be the third derivative of -19*p**6/60 - p**5/60 + p**3/6 + 4*p**2. What are the prime factors of y(-1)?
2, 19
Suppose -4*i - 5*g = -5*i + 25, 0 = 4*i + 2*g - 210. What are the prime factors of i?
2, 5
Let k(a) = 4*a - 1. Let d be k(2). Let z = d - 5. List the prime factors of z.
2
Let d be 32/6 - 1/3. Suppose 29 + 11 = d*a. List the prime factors of a.
2
Suppose -2*o + 0*o = -80. What are the prime factors of o?
2, 5
Let a(f) = -f**3 + 10*f**2 - 4*f - 7. What are the prime factors of a(9)?
2, 19
Let c(d) = -23*d + 3. Let s(w) = 24*w - 4. Let n(j) = 5*c(j) + 4*s(j). What are the prime factors of n(-1)?
2, 3
Suppose -9 = -4*s + 3. Suppose -i = -3*n + s - 0, -2*n = 2. Let q = 4 - i. What are the prime factors of q?
2, 5
Let x be 34/2 - (-4)/2. Let d = -13 + x. What are the prime factors of (d - 2)*(-10)/(-4)?
2, 5
Suppose -4*r + 5*x + 18 + 34 = 0, 3*r - 3*x - 42 = 0. What are the prime factors of (-3)/2*(-312)/r?
2, 13
Suppose 0 = -5*l - x + 47, -l = -6*x + 2*x - 1. Suppose l + 15 = 4*n. List the prime factors of n.
2, 3
Let v = -1 + 5. Suppose -s - 2*s = -15. Suppose -v*q - q + h + 39 = 0, s*h = -4*q + 8. What are the prime factors of q?
7
Let h be (-21)/84 + (-83)/4. Let q = -4 - h. What are the prime factors of q?
17
Let z = -4 + 17. List the prime factors of (0 - 2 - -4)*z.
2, 13
Let k(f) = -f**2 - 7*f. Let h be k(-10). Let n = 43 + h. What are the prime factors of n?
13
Suppose 0 = -x + 6*x - 280. Let k = 87 - x. What are the prime factors of k?
31
Let o(s) = -5*s**2 + 13*s - 3. Let p(h) = -4*h**2 + 12*h - 3. Let c(w) = -6*o(w) + 7*p(w). What are the prime factors of c(-5)?
17
Suppose 3 = -z + 4. List the prime factors of (1 + z)*(-279)/(-18).
31
Suppose -4*u + 0 + 12 = 0. Suppose -2*v + 2*p + 58 = -u*p, -5*v - 2*p = -174. List the prime factors of v.
2, 17
Suppose 0*d = -2*d + 4. List the prime factors of (-3 - -16)*(3 - d).
13
Let x = 2 + 0. Suppose -2*u - x = 2*o, -2*u - 12 = 2*u. Suppose 6*q - o*q = 20. What are the prime factors of q?
5
Let s = -2 + 2. Suppose a - 2*f = 11, -2*a + s*f = f - 12. List the prime factors of a.
7
Suppose -3*g = 15, z + 10 = -3*g + 21. Suppose 2*o - z = -0*o. List the prime factors of o.
13
Let u(o) = 2*o + 1. Let g be u(1). Suppose -p - 4*w + g = -30, 12 = -3*w. Suppose 5*c - p = -4*h + 13, 0 = 4*c - 3*h - 62. List the prime factors of c.
2, 7
Suppose -3*u + 12 = 0, -5*k + k + 40 = -2*u. What are the prime factors of (-18)/k*(-56)/6?
2, 7
Let p = -3 + 5. Suppose -p*s = -39 + 5. Suppose 7 + s = 3*l. List the prime factors of l.
2
Let w = -4 - -7. Suppose -4*z + 85 = 3*k, -3*z + 4*k = 2*k - 68. Suppose -w*b = -b - z. What are the prime factors of b?
11
Let i(j) be the second derivative of 5*j**5/4 + j**4/6 - j**2/2 + 10*j. What are the prime factors of i(1)?
2, 13
Let x be 14/35 + 268/5. What are the prime factors of (-12)/x - (-191)/9?
3, 7
What are the prime factors of 0 + (26/(-65))/(2/(-740))?
2, 37
Let s(b) = -b**3 - 6 + b - 9*b + b - 5*b**2. Let f be s(-4). Suppose f - 2 = q. List the prime factors of q.
2
Suppose 3*b + b + n = 111, -75 = -3*b + 2*n. List the prime factors of b.
3
Suppose 0 = -f - 5*q - 43, 0 = 2*f - 7*f - 2*q - 284. Let i = f - -81. List the prime factors of i.
23
Suppose -s - 4*n = -19, 5*s + 5 = 4*n + n. Suppose 24 = s*h + 5*x, 3 = 2*h + 4*x - 5*x. List the prime factors of h.
3
Let u(i) = i**3 + 42. List the prime factors of u(0).
2, 3, 7
Suppose 14 - 12 = g. Suppose g = -x + 29. What are the prime factors of x?
3
Suppose o - r - 2 = -2*o, 0 = -4*o - r - 9. Let n be (2 + -5)/o + -1. List the prime factors of 3/(1/(10/n)).
3, 5
Suppose 0 = 2*f - 5*f - 5*a + 21, -4*a = 5*f - 22. Suppose 3*r - 21 = 4*s, 3*r + f*s + 28 = 7*r. What are the prime factors of r?
7
Let r(c) = 6*c**2 - 15*c + 1. Let d(q) = -4*q**2 + 10*q - 1. Let n(w) = -8*d(w) - 5*r(w). List the prime factors of n(3).
2, 3
Let k = 21 - -33. List the prime factors of k.
2, 3
Let u(x) = -x + 12. Let q be u(5). Let s = q - 4. Suppose s*c = 4*c - d - 5, -3*c = 3*d - 9. What are the prime factors of c?
2
Let x = -11 - -7. List the prime factors of (-7 - (x - -2))*-2.
2, 5
Let x = 10 + -6. Suppose -j - 10 = -x*a + 2*a, 4*j + 55 = 5*a. List the prime factors of j*((-3)/(-6) + -1).
2, 5
Let r(u) = u - 6. Let i(p) = -p + 6. Let j(x) = 3*i(x) + 2*r(x). Let w = -20 + 13. What are the prime factors of j(w)?
13
Suppose -2*o + 3